 divisor of h and l?
26
Let x be 2040/32 - (-9)/(-12). Suppose -12*r + 17*r = 210. What is the greatest common factor of r and x?
21
Let k = -18368 + 18396. Calculate the greatest common factor of k and 1988.
28
Let l(q) = 2*q**3 + 42*q**2 - 3*q - 15. Let u be l(-21). What is the highest common factor of u and 2172?
12
Let a(w) = -w**3 + 8*w**2 + 81*w - 318. Let r be a(4). What is the greatest common factor of r and 45?
5
Let k(o) = 3*o**3 + 28*o**2 - 168*o - 11. Let v be k(6). What is the greatest common divisor of v and 39?
13
Let k(b) = 4*b + 5. Let c be k(4). Let p be 1/4 - 1665/(-12). Suppose 3*j = -z + 165, -p = -2*z + 5*j + 202. What is the greatest common divisor of z and c?
21
Let k be 218 + 2802 + (2 - 1). Calculate the highest common divisor of k and 159.
159
Let h be (-3 - 3)/(2/(-15)). Let w be 69 - (-2 - 0/(6/2)). Suppose w = 3*k + 26. Calculate the highest common factor of k and h.
15
Let l(d) = -3*d**3 + 173*d**2 - 107*d - 57. Let b be l(57). Calculate the highest common factor of 950 and b.
38
Suppose 2*p + 117 - 669 = -4*k, 0 = p + 4*k - 286. What is the greatest common factor of 475 and p?
19
Suppose -5*p = 2*p + 700. Let i = p - -204. What is the highest common factor of i and 16?
8
Let j(s) = 3*s**2 - 115*s + 1214. Let q be j(27). Calculate the greatest common divisor of q and 40.
8
Suppose -c + 33 = -3*n, -338 = -9*c + 5*n - 63. What is the highest common factor of 9780 and c?
30
Suppose 191 = -5*s + 2*l + 2597, 2*s - 972 = 4*l. Calculate the greatest common divisor of s and 864.
96
Suppose 35*r - 1242 = -192. What is the greatest common divisor of r and 3660?
30
Let p(n) = n**3 + 23*n**2 - 88*n - 22. Let j be p(-26). Calculate the highest common divisor of j and 9401.
119
Let t = 45899 - 45871. What is the highest common divisor of t and 30254?
14
Suppose u = 3*t - u - 176, 0 = 3*t - 3*u - 180. What is the highest common factor of 112 and t?
56
Let p(m) = m**2 + 3*m + 88. Let g be p(0). Let z be 3*(-2)/(-6)*(-50)/5. Let v be (-6)/(-3) + (z - -4) + 12. Calculate the highest common divisor of g and v.
8
Let n be 51/18 - (5 + (-62)/12). Let q be (96/10)/(n/10). Let v(g) = 2*g**2 - 7*g - 5. Let h be v(-5). What is the greatest common factor of h and q?
16
Suppose -157 = -2*o + 53. Suppose 3*n - 1239 = -o. Let h be 8/(-3)*n/(-8). What is the highest common divisor of 14 and h?
14
Let h = -29470 - -29560. What is the greatest common factor of h and 1990?
10
Let t be (103/3)/((-24)/(-360)). Let k = 520 - t. Calculate the highest common divisor of 5 and k.
5
Suppose -3*j + 17 - 17 = 0. Suppose -5*a - 403 = -l - 2550, l + 2 = j. Calculate the greatest common divisor of a and 39.
39
Let p be 6/(-16)*(-7 + 11)*70. Let l = p - -107. Let i(u) = 3*u**2 + 6*u - 9. Let a be i(l). What is the highest common divisor of a and 15?
15
Let j be (18 + -30)/(3/(-100)). Suppose 132 = 2*k + 4*h - j, k + 3*h = 267. What is the highest common divisor of 198 and k?
66
Suppose -6*z = -35 - 61. Let l = -15 + z. Let y(u) = 5*u**2 + u. Let r be y(l). What is the greatest common factor of r and 10?
2
Let b = -6999 + 7063. Calculate the highest common divisor of b and 1.
1
Suppose -4*g = 379*s - 382*s - 339, -4*s + 80 = g. Calculate the highest common divisor of 7455 and g.
21
Let n be (252/8 + -1)/((-60)/(-18600)). What is the highest common factor of 1525 and n?
305
Suppose -2*t - 785 = -3*t - 5*d, 0 = -t + 3*d + 809. What is the greatest common factor of 60 and t?
20
Let u(d) = -542*d + 7066. Let h be u(13). What is the highest common divisor of h and 4810?
10
Let q = -66 - -78. Let w be 77/3 - (-10 + 128/q). What is the highest common factor of 10 and w?
5
Suppose -5*y - 14 = -2*n, n - 2 = 2*y + 2*n. Let f be (3120/182)/(y/(-14)). Suppose -11*k + 19*k - f = 0. What is the highest common factor of 5 and k?
5
Suppose 0*k + 3*k = 123. Let l = 45 - k. Suppose -l*s = -50 - 30. What is the greatest common factor of s and 10?
10
Let l = -615 - -609. Let b be (3 + l/10)/(21/910). What is the greatest common factor of b and 8?
8
Let g be -19*30/(-855) - 10/(-3)*109. What is the highest common factor of 1508 and g?
52
Let d be 1648/6 + 3/(9/1). Let a = 196 - d. Let v = 87 + a. Calculate the highest common factor of 72 and v.
8
Suppose -7*z = -10*z + 150. Suppose -x + 3*n + 25 = 0, 5*x - 5*n - z = 3*x. Calculate the highest common factor of 5 and x.
5
Let p = 3 + 3. Suppose 19 - 79 = -5*d. Let o be (2 - 2) + 54/(d/2). Calculate the greatest common factor of o and p.
3
Let d(u) = 1429*u - 4131. Let v be d(3). Let o = 164 + -112. What is the greatest common divisor of v and o?
52
Let t be (-814)/66*(87/145)/((-2)/10). Let y be 1/(-3) - (-3053)/(-3). Let b = -611 - y. Calculate the highest common factor of b and t.
37
Let l(c) = c**3 + 8*c**2 - 5*c - 8. Let z = -91 - -87. Let u be l(z). Calculate the greatest common factor of u and 4.
4
Suppose -5*g + 401 = -2*k, k = -2*g - k + 152. Let n = 139 - g. What is the greatest common factor of n and 15?
15
Let x(g) = 12*g - 126. Let q(y) = 13*y - 28. Let p be q(3). Let u be x(p). What is the greatest common divisor of 174 and u?
6
Suppose 258*q - 255*q - 105 = 0. Suppose 5*l + z = 175, 2*l - l = -4*z + q. Calculate the highest common factor of l and 7.
7
Suppose 0 = -86*r + 56080 + 19084. What is the highest common divisor of r and 190?
38
Let v = 874 - 628. What is the greatest common divisor of v and 7257?
123
Suppose 3*a - 2*f + 86 = 258, 3*a = 3*f + 174. Let m(t) = 34*t**2 - 1309*t + 3873. Let q be m(3). What is the greatest common divisor of a and q?
28
Suppose -2*s + 2 = -2, -2*i + 376 = -4*s. Let y be (i/(-32))/((-2)/3). Calculate the highest common divisor of 36 and y.
9
Let j(t) = 13*t**2 - 179*t - 1125. Let c be j(-6). Calculate the greatest common factor of 2641 and c.
139
Let f(r) = -r + 9. Let i be f(-3). Let l be 17/(-6) - -3 - 2/i. Suppose g - 60 = -l*g. Calculate the greatest common divisor of g and 12.
12
Suppose -3*q = 0, -q - 677 = 3*s + 949. Let u = s - -229. Let w = 456 + u. Calculate the greatest common divisor of w and 13.
13
Let h = 25 + -11. Let c be (60060/39)/28 - -8. What is the highest common factor of c and h?
7
Suppose -7*c + 225 = -2*c. Suppose 28 - 34 = -6*h. Suppose 0 = -4*u + 21 - h. What is the greatest common factor of u and c?
5
Suppose -155*u = -41*u - 32148. Calculate the greatest common factor of u and 18.
6
Let x(z) = -3*z - 5*z + 3*z + 3*z - 5. Let w be x(-3). Let g be 223/3 + w + (-3)/9. What is the greatest common divisor of 30 and g?
15
Let w(k) = -k**3 + 6*k**2 + 6*k + 6. Let g be w(5). Suppose -g = -5*y - 2*u + 179, -48 = -y + 5*u. What is the greatest common divisor of 3 and y?
3
Let y(q) = q**2 - q + 21. Let c be y(0). Suppose c*l - 60 = 24. Calculate the greatest common factor of 32 and l.
4
Let l(v) = 9*v + 1. Let r be l(6). Let a be ((-100)/(-35))/((-14)/392*-8). Calculate the greatest common factor of a and r.
5
Suppose 6*r - 11*r + 10 = 0. Let a be r/(-8) + -2 + 10815/28. Calculate the highest common divisor of 12 and a.
12
Suppose 0 = -53*l + 86*l - 2574. Let k(m) = 2*m**3 + 4*m**2 + 8*m. Let n be k(6). Calculate the greatest common factor of l and n.
78
Suppose 171 + 45 = 6*s. Suppose 84 + s = 2*a. What is the greatest common divisor of 80 and a?
20
Let g be 153/18*1814/4 - 45/(-36). What is the highest common factor of 24 and g?
8
Let l = 9618 - 5589. Calculate the highest common factor of 51 and l.
51
Let p be 20/(-8)*3222/(-15). Let d = p - 299. Let m be -52 - -40 - -2*23. Calculate the highest common factor of m and d.
34
Let y be (3/15)/(13/195) + 753. What is the greatest common factor of 204 and y?
12
Let n be (-3)/5 - (-73)/5. Let o be (n - 15)/(1/(-78)). What is the greatest common factor of 312 and o?
78
Suppose -3*j + 113 = 3*t + 2*j, -146 = -4*t - 2*j. Suppose -8*f + t = -11*f. Let p = -6 - f. Calculate the highest common factor of 24 and p.
6
Suppose 21*l + 5*t = 22*l - 11732, 12 = 4*t. Calculate the greatest common divisor of 17 and l.
17
Let q(u) = -17*u - 153. Let f be q(-25). Suppose f = 4*j + 4*m, -3 + 1 = -m. Calculate the highest common divisor of j and 242.
22
Let i = -52 + 59. Suppose t = -2*c + 3, 2*c - 2*t + 1 = i. Let z be c/6 - (0 + 1712/(-12)). Calculate the highest common factor of 26 and z.
13
Let b(s) = -s**3 + 21*s**2 - 19*s + 52.